ate the remainder when 2768507 is divided by 35.
7
Calculate the remainder when 242137 is divided by 9273.
1039
What is the remainder when 103451 is divided by 103432?
19
What is the remainder when 166223 is divided by 54?
11
Calculate the remainder when 1256215 is divided by 611.
610
What is the remainder when 67857569 is divided by 10?
9
What is the remainder when 1714799 is divided by 3656?
135
Calculate the remainder when 269735 is divided by 33704.
103
Calculate the remainder when 1993434 is divided by 35589.
450
Calculate the remainder when 376326 is divided by 1018.
684
Calculate the remainder when 87365 is divided by 17461.
60
Calculate the remainder when 744786 is divided by 23274.
18
What is the remainder when 112042410 is divided by 1595?
40
What is the remainder when 54065 is divided by 6727?
249
Calculate the remainder when 26432 is divided by 2824.
1016
What is the remainder when 7476836 is divided by 70?
66
Calculate the remainder when 371308 is divided by 11246.
190
What is the remainder when 53803226 is divided by 2414?
2408
What is the remainder when 582638 is divided by 582629?
9
Calculate the remainder when 1178990 is divided by 159.
5
What is the remainder when 8556 is divided by 3879?
798
Calculate the remainder when 56780 is divided by 26915.
2950
What is the remainder when 197885 is divided by 93?
74
What is the remainder when 5760312 is divided by 320017?
6
Calculate the remainder when 55142950 is divided by 11028589.
5
Calculate the remainder when 4770359 is divided by 426.
11
What is the remainder when 215517 is divided by 7962?
543
What is the remainder when 24665453 is divided by 24665447?
6
Calculate the remainder when 58294497 is divided by 1859.
1834
Calculate the remainder when 3515196 is divided by 1171732.
0
What is the remainder when 8062569 is divided by 2917?
2898
What is the remainder when 481674 is divided by 1397?
1106
Calculate the remainder when 456211320 is divided by 23.
18
Calculate the remainder when 219572531 is divided by 108.
107
What is the remainder when 391803 is divided by 195899?
5
What is the remainder when 243988 is divided by 243973?
15
What is the remainder when 1048042 is divided by 250?
42
What is the remainder when 9522667 is divided by 1585?
1572
What is the remainder when 49048 is divided by 2919?
2344
Calculate the remainder when 546607 is divided by 604.
591
Calculate the remainder when 10048301 is divided by 13784.
13549
Calculate the remainder when 296012 is divided by 2892.
1028
What is the remainder when 709481 is divided by 141887?
46
Calculate the remainder when 260751 is divided by 86638.
837
Calculate the remainder when 839390 is divided by 32.
30
Calculate the remainder when 123873 is divided by 1278.
1185
Calculate the remainder when 290879 is divided by 96953.
20
Calculate the remainder when 30531807 is divided by 690.
687
What is the remainder when 53378 is divided by 1290?
488
What is the remainder when 224101 is divided by 1081?
334
Calculate the remainder when 742225 is divided by 812.
57
What is the remainder when 15077024 is divided by 1653?
11
What is the remainder when 574678 is divided by 1215?
1198
Calculate the remainder when 37755 is divided by 1893.
1788
What is the remainder when 96164 is divided by 590?
584
Calculate the remainder when 537824 is divided by 268868.
88
What is the remainder when 705315014 is divided by 1919?
1916
Calculate the remainder when 4120342 is divided by 105644.
226
Calculate the remainder when 8166 is divided by 2012.
118
Calculate the remainder when 1214060 is divided by 93388.
16
What is the remainder when 1600382 is divided by 228585?
287
Calculate the remainder when 3491 is divided by 232.
11
What is the remainder when 33386 is divided by 2782?
2
Calculate the remainder when 39394 is divided by 13066.
196
What is the remainder when 1244254 is divided by 311002?
246
Calculate the remainder when 1117540561 is divided by 159.
157
Calculate the remainder when 15429011 is divided by 139.
11
What is the remainder when 45065 is divided by 501?
476
Calculate the remainder when 50199 is divided by 1731.
0
What is the remainder when 58590344 is divided by 94?
50
Calculate the remainder when 3013920 is divided by 168.
0
What is the remainder when 24758793 is divided by 8252929?
6
What is the remainder when 1888026 is divided by 1888012?
14
What is the remainder when 733143 is divided by 947?
165
What is the remainder when 28365 is divided by 3369?
1413
What is the remainder when 53415 is divided by 7294?
2357
What is the remainder when 532353 is divided by 248?
145
What is the remainder when 959442 is divided by 959394?
48
What is the remainder when 74890 is divided by 361?
163
What is the remainder when 803222 is divided by 227?
96
Calculate the remainder when 2726559 is divided by 281.
16
Calculate the remainder when 35451842 is divided by 11817279.
5
Calculate the remainder when 3631321 is divided by 907828.
9
Calculate the remainder when 788302 is divided by 394080.
142
Calculate the remainder when 40836009 is divided by 518.
515
Calculate the remainder when 14745224 is divided by 94.
8
Calculate the remainder when 251497 is divided by 83509.
970
Calculate the remainder when 62799 is divided by 62703.
96
Calculate the remainder when 4997380 is divided by 1532.
1528
Calculate the remainder when 929640 is divided by 43.
23
Calculate the remainder when 6737497 is divided by 748602.
79
What is the remainder when 164923 is divided by 104?
83
Calculate the remainder when 85196298 is divided by 140.
138
Calculate the remainder when 23764882 is divided by 6.
4
Calculate the remainder when 75198 is divided by 6249.
210
What is the remainder when 2454353 is divided by 1359?
1358
What is the remainder when 45854 is divided by 1834?
4
What is the remainder when 2822811 is divided by 400?
11
What is the remainder when 20500659 is divided by 366083?
11
Calculate the remainder when 35415690 is divided by 9.
6
Calculate the remainder when 5939541 is divided by 611.
10
Calculate the remainder when 5209919 is divided by 62.
59
What is the remainder when 703506 is divided by 4719?
375
What is the remainder when 190300 is divided by 189851?
449
Calculate the remainder when 2781 is divided by 772.
465
What is the remainder when 600668682 is divided by 46205283?
3
What is the remainder when 7942115 is divided by 441227?
29
Calculate the remainder when 590965 is divided by 98486.
49
Calculate the remainder when 2189098 is divided by 8198.
232
Calculate the remainder when 14480298 is divided by 364.
14
Calculate the remainder when 438332 is divided by 2594.
2540
Calculate the remainder when 195022 is divided by 1345.
1342
What is the remainder when 252827017 is divided by 8124?
13
Calculate the remainder when 56230398 is divided by 2300.
2298
Calculate the remainder when 1320531 is divided by 23.
9
Calculate the remainder when 5877891 is divided by 15.
6
What is the remainder when 3045749 is divided by 283?
103
What is the remainder when 14888850 is divided by 35?
25
What is the remainder when 165011565 is divided by 106?
93
What is the remainder when 523706 is divided by 229?
212
What is the remainder when 17330 is divided by 156?
14
Calculate the remainder when 658641 is divided by 4951.
158
What is the remainder when 41655336 is divided by 957?
954
What is the remainder when 17783870 is divided by 4276?
4262
What is the remainder when 249897513 is divided by 33?
30
Calculate the remainder when 4434134 is divided by 5085.
14
What is the remainder when 593359 is divided by 5494?
7
What is the remainder when 27220347 is divided by 7534?
5
What is the remainder when 1361974 is divided by 33?
31
Calculate the remainder when 115887 is divided by 38466.
489
What is the remainder when 7071238 is divided by 40?
38
What is the remainder when 9575 is divided by 1556?
239
Calculate the remainder when 2889053 is divided by 109.
8
What is the remainder when 4160908 is divided by 235?
233
Calculate the remainder when 44686 is divided by 14808.
262
What is the remainder when 3404907 is divided by 3987?
9
What is the remainder when 44730710 is divided by 391?
310
What is the remainder when 74565 is divided by 5638?
1271
Calculate the remainder when 32151326 is div